he remainder when 2 is divided by (-1)/c + 5*7/35.
0
Let n(q) = q**2 - q. Let v be n(2). Suppose -48 = -v*s - 2*s. Calculate the remainder when s is divided by -15 - (84 - 114)*(-6)/(-10).
0
Let z be 402/24 + 3 + (-3)/4. Suppose 915 = 34*b - z*b. What is the remainder when b is divided by 17?
10
Suppose 0 = 3*x + 4*x - 14*x. Suppose 0 = 2*w - 2, -4*j - 4*w = -x*j - 164. What is the remainder when j is divided by 7?
5
Let g = -4591 - -4616. Calculate the remainder when 3 - -2*(52 + -4) is divided by g.
24
Let x(s) = s**3 - 44*s**2 + 238*s - 241. What is the remainder when 536 is divided by x(38)?
119
Let r = -43041 - -43766. What is the remainder when r is divided by 251?
223
Suppose 97863 = 273*d - 29082. What is the remainder when d is divided by 85?
40
Suppose -b - 5*q = -80, 3*b + 2*q + 99 = 300. Calculate the remainder when 321 is divided by b.
61
Suppose 2*x = 5*x - 2*u + 33, -4*x + 2*u = 42. What is the remainder when x/(-9) - -51*1 is divided by 19 - 2/2*1?
16
Suppose 2116 = 6*y - 782. Calculate the remainder when y is divided by 139.
66
Let l = 85 + -81. Calculate the remainder when 17 is divided by ((-18)/(-10))/(l/20).
8
Let a be 4914/(-45) - (-4)/20. Let v = a + 128. Calculate the remainder when v is divided by 3.
1
Let a(f) = 12*f + 13. Let x be a(-5). Let p = 55 + x. Suppose c + 2*c - 18 = 0. What is the remainder when p is divided by c?
2
Let v(l) = -43*l - 7. What is the remainder when ((-47)/(-6))/(14/252) is divided by v(-1)?
33
Suppose 5*b = -m + 4*m + 2868, 4*b + m = 2308. Let i = 607 - b. Calculate the remainder when 154 is divided by i.
30
Let o(a) = -a**3 + 21*a**2 + 48*a - 16. Let l be o(23). Suppose -64*x + 66*x = l. Calculate the remainder when 1619 is divided by x.
14
Let x be (-27 - -24 - 2)*66/5. Let j be 85 + (0 + 1)/1. Let o = x + j. Calculate the remainder when 35 is divided by o.
15
Let q = -13659 + 13675. Calculate the remainder when 477 is divided by q.
13
Calculate the remainder when (-76)/8 - (-5400)/80 is divided by 42.
16
Let i = 16 - 11. Let c be -1 + -2 + (1 - 21/(-3)). Suppose -c*r - 29 = -3*t - 7, -50 = -5*t - i*r. Calculate the remainder when 26 is divided by t.
8
Let n(w) = 214*w - 10. Suppose 5*a - a = -4*r + 8, -2 = -5*r + 3*a. What is the remainder when n(r) is divided by 52?
48
Suppose -5*u - 2*w = -2*u - 1513, -544 = -u + 5*w. Calculate the remainder when u is divided by 50.
9
Let x = -2278 - -2395. What is the remainder when 1984 is divided by x?
112
Suppose 110*i - 76*i - 1 = 305. What is the remainder when i is divided by 8?
1
Suppose -2556 = 58*m - 142*m - 200*m. Let f(h) = 4*h**2 + 2*h - 4. Calculate the remainder when f(-3) is divided by m.
8
Suppose 7*r = 5*r + 22. Suppose -5*y = 15, -5*b + 3 = -4*b + 4*y. Suppose -b*t + 180 = -r*t. What is the remainder when t is divided by 23?
22
Suppose 2*d + 9 - 19 = 0. Let c be (1 - -2)*-1*-1. Suppose c*w - 100 = -67. What is the remainder when w is divided by d?
1
Let d be 232/(-8) - (1 - 0)*1. Let x = d + 39. What is the remainder when -1 - (-2 - -23)*-1 is divided by x?
2
Let o(r) = -21*r**2 + 2*r + 21. Let l(b) = 1. Let k(v) = 4*l(v) - o(v). Calculate the remainder when k(-3) is divided by 41.
14
Suppose -37*f = -38*f - 5*h + 757, f + 7*h - 761 = 0. Calculate the remainder when f is divided by 5.
2
Let r = 6121 + -4121. Calculate the remainder when 4003 is divided by r.
3
Let f = 85 - 82. Suppose f*j + 8*w - 105 = 6*w, 4*w = 3*j - 105. Calculate the remainder when 85 is divided by j.
15
Let n(j) = -6*j**3 + 2*j**2 - 2*j - 3. Let o be n(-1). What is the remainder when 100 is divided by (-2 + o)*(-17)/(-5)?
15
Suppose 20036 + 20140 = 54*x. What is the remainder when x is divided by 38?
22
Let x(u) = u**3 - 9*u**2 + 5*u - 19. Let a(z) = -13*z - 29. Let p be a(-3). What is the remainder when x(p) is divided by 33?
32
Let c(a) = a**2 + a + 60. Calculate the remainder when 536 is divided by c(8).
8
Suppose 0 = -12*f + 21*f - 1998. Suppose f = 4*d - 2*w, 4*d - 15 = -w + 210. Calculate the remainder when d is divided by 16.
8
Let j be ((-2)/(-4))/((-100)/(-24) + -4). Suppose 2*s = -j*o + 478, -3*o - 3*s = -5*o + 310. Let n = -88 + o. What is the remainder when n is divided by 19?
13
Suppose 15*z = 17*z - n - 84, -3*z = -2*n - 128. Calculate the remainder when (119 - (1 - 1)) + -2 is divided by z.
37
Let x = -5694 + 5771. Calculate the remainder when x is divided by 15.
2
Let z = -64 - -67. Let l be -93*((-4)/z + 5/15). Suppose 0 = 3*h - l - 6. Calculate the remainder when h is divided by 7.
5
Suppose 2*y = -0*y. Let k(w) = 53 - 69*w + 54 - 35 + 64*w. Calculate the remainder when k(y) is divided by 15.
12
Let s(d) be the first derivative of -39 + 0*d**2 - 2/3*d**3 - 5/2*d**4 - 4*d. What is the remainder when s(-2) is divided by 35?
33
Suppose 2*u - 5*j - 40 = 0, -u - 5*j + 20 = -0*u. Suppose -201 = -2*n - i, 0 = 727*n - 722*n - 4*i - 457. Calculate the remainder when n is divided by u.
17
Suppose 0 = 3*j - 2*f - 7391, -2*j + 597 + 4325 = 4*f. Calculate the remainder when j is divided by 145.
143
Suppose -8*j - 16310 - 440 = -33*j. Calculate the remainder when j is divided by 96.
94
Let y(w) = 39*w + 5*w**2 + 5 + 48*w + 49*w - 131*w. Suppose 0 = -v + 2*f + 8, f - 24 = -3*v - 0. What is the remainder when y(-2) is divided by v?
7
Let v(j) = 13*j**2 - 75*j - 27. Calculate the remainder when 240 is divided by v(7).
70
Let z = -1916 - -2164. What is the remainder when z is divided by 41?
2
Let w(g) = 4*g - 4. Let i be w(-6). Let a(p) = -16*p - 707. What is the remainder when (147/i)/((-2)/8) is divided by a(-45)?
8
Let p = -6142 - -6417. What is the remainder when p is divided by 88?
11
Calculate the remainder when (-16)/(-168) - ((-1223398)/210 + (-78)/65) is divided by 22.
19
Suppose 0 = 7*a - 175 - 112. Suppose -3*z + 22 = 2*j - 21, -3*z = 4*j - a. What is the remainder when (-29)/(-2 - -1) - 2 is divided by z?
12
Let a = -29184 + 29472. What is the remainder when 944 is divided by a?
80
Let l be 1 - 2 - (2 + -8 + 13). Calculate the remainder when l + (-16)/(-1) - -8 is divided by 7.
2
Let y = 533 + -1188. Let h = 679 + y. What is the remainder when 68 is divided by h?
20
Suppose m = -0*m + 83. Suppose 3*r - 78 = -4*h, -84*r = -85*r + h + 33. Calculate the remainder when m is divided by r.
23
Suppose 39*l - 18216 = -33*l. Calculate the remainder when l is divided by 15.
13
Suppose -5*u = -2 + 102. Let l = 28 + u. Let c(y) = -y**2 + 16*y + 89. Calculate the remainder when c(20) is divided by l.
1
Suppose -48*o = -57997 + 8125. Calculate the remainder when o is divided by 87.
82
Suppose 13 = -5*u + 43. Let d be (80/(-3))/(-5) + (-2)/u. Suppose 3*w - 33 = -3*p, w + 0*p - 3*p + d = 0. What is the remainder when 48 is divided by w?
6
Suppose -4*c - 2*g + 1528 = 0, 2*c - 499 = 5*g + 289. Suppose -5*z = 5*y - 1920, -y - 4*z + c = -z. Calculate the remainder when y is divided by 7.
6
Suppose 96 - 52 = 4*y. What is the remainder when 240 is divided by y?
9
Suppose -44 = 2*h - 4*f, 8*f = 4*h + 3*f + 82. Let z be -5 - (-2)/1 - (h - 1). What is the remainder when z/(-20) + (-64)/(-5) is divided by 3?
0
Suppose 2*f + 0*f = 4*t - 122, t - 34 = -3*f. Let a = -29 + t. Suppose 0*s - 10 = -a*s. What is the remainder when 9 is divided by s?
4
Let y = -187 + 321. Suppose 5*a - 5*p + 1226 - 1281 = 0, 2*p - 53 = -3*a. Calculate the remainder when y is divided by a.
14
Suppose -5*w + 1281 = 4*c, -w - 131 = 4*c - 384. Calculate the remainder when w is divided by 55.
37
Suppose -m + 4 - 1 = 0, 5*m = -3*a + 21. Suppose -3*b + 57 = 2*w - 5*w, 0 = 3*b + a*w - 57. What is the remainder when (-1)/2 - 151/(-2) is divided by b?
18
Suppose 73*j = 69*j + 1080. Suppose -56*k + 47*k = -j. What is the remainder when k is divided by 11 + (2 - 2 - 0)?
8
Let y = -2016 + 2132. Calculate the remainder when 243 is divided by y.
11
Let q = 368 - 248. Suppose -h + 9*h = q. What is the remainder when h is divided by 3?
0
Let z(j) = -j**3 - 15*j**2 + 51*j - 21. Let v be (-3)/(3/23) + (9 - 4). Calculate the remainder when 129 is divided by z(v).
30
Let m(u) = -u**2 - 25*u + 6. What is the remainder when m(-10) is divided by 14?
2
Suppose 0 = 18*p + 38 - 1226. Suppose -u = 3*f - 20 - 46, 2*u + p = 3*f. What is the remainder when 44 is divided by f?
0
Let d(q) = 4*q**2 - 3*q + 13. Let h be d(5). Suppo